hat is s(6)?
11
Let s(m) = 3*m - 17. What is s(5)?
-2
Let b(y) = -y - 13. Determine b(-8).
-5
Let s(i) = -i**2 - 22*i + 112. Calculate s(4).
8
Let k(q) = q**2 - q + 4. Give k(3).
10
Let m(h) = -8*h + 78. What is m(12)?
-18
Let b(o) = o**3 - 9*o**2 + 2*o - 8. Determine b(9).
10
Let y(q) = 3*q + 7. Determine y(6).
25
Let q(g) = 36*g - 466. Determine q(13).
2
Let q(s) = 8*s**2 - 97*s + 8. What is q(12)?
-4
Let h(j) = -j**3 + 26*j**2 - 25*j - 10. Determine h(25).
-10
Let s(x) = -x + 39. Determine s(35).
4
Let u(i) = -i**2 + 15*i + 2. Determine u(11).
46
Let x(s) = -4*s**2 - s - 1. What is x(-1)?
-4
Let f(q) = -4*q**3 - 2*q**2 + q + 1. Calculate f(1).
-4
Let i(q) = -q**2 + 21*q - 52. Determine i(12).
56
Let l(s) = -2*s**3 + 6*s - 4. Determine l(-2).
0
Let f(b) = b**2 + 15*b + 14. Give f(-14).
0
Let z(x) = 6*x + 42. Determine z(-7).
0
Let o(q) = 28*q**2. Determine o(1).
28
Let f(o) = 3*o**3 - 3*o**2 - 6. Give f(3).
48
Let y(u) = u**2 - 16*u + 15. What is y(13)?
-24
Let l(q) = 8*q - 12. What is l(-8)?
-76
Let u(c) = -c**2 - 46*c - 181. Determine u(-42).
-13
Let i(p) = -4*p - 2. Calculate i(-1).
2
Let b(f) = -f**3 + 4*f**2 + 6*f + 6. Calculate b(5).
11
Let d(k) = 5*k**2 - 37*k + 21. Give d(6).
-21
Let i(n) = n**3 + n**2 + n + 16. Calculate i(0).
16
Let x(q) = -2*q**2 + 59*q - 87. Determine x(28).
-3
Let d(o) = o**2 + 5*o + 6. Give d(-7).
20
Let i(a) = -9*a - 1. Give i(6).
-55
Let j(o) = o**2 + 5*o + 1. Determine j(5).
51
Let k(x) = -2*x**2 - 17*x + 11. Give k(-8).
19
Let h(q) = 5*q + 3. Calculate h(3).
18
Let i(r) = -5*r + 50. What is i(12)?
-10
Let k(c) = -5*c - 2. Calculate k(1).
-7
Let p(w) = w**3 + w - 2. Give p(0).
-2
Let c(g) = 7*g**3 + g**2 - 5*g + 3. Calculate c(2).
53
Let v(c) = c**2 - 10*c + 31. Give v(5).
6
Let z(l) = -l**2 - 7*l + 6. What is z(-8)?
-2
Let q(d) = -2*d - 3. Give q(-6).
9
Let y(t) = 21*t + 5. Give y(-6).
-121
Let m(j) = -2*j - 34. Give m(0).
-34
Let h(w) = -16*w + 24. Calculate h(4).
-40
Let h(k) = 2*k**3 - 55*k**2 - 30*k + 37. Determine h(28).
-19
Let f(k) = k**2 - 2*k + 4. Determine f(3).
7
Let b(m) = -m**3 - 10*m**2 - 11*m - 22. What is b(-9)?
-4
Let y(m) = m**3 + 11*m**2 + 12*m + 7. Determine y(-9).
61
Let c(j) = -j**3 + 9*j - 15. Calculate c(-5).
65
Let h(v) = -v**3 + 11*v**2 + 6*v - 22. What is h(10)?
138
Let u(g) = -g**2 - 17*g - 40. What is u(-14)?
2
Let a(d) = -89*d + 15. What is a(-2)?
193
Let k(p) = -2*p**3 + 5*p**2 - p + 3. Give k(4).
-49
Let y(o) = -3*o - 7. Give y(8).
-31
Let r(o) = 26*o - 183. Give r(7).
-1
Let s(l) = l. Calculate s(-3).
-3
Let d(c) = c**3 - 19*c**2 + 16*c + 23. Give d(18).
-13
Let j(d) = 7*d - 2. Calculate j(-1).
-9
Let u(v) = -8*v + 87. Determine u(10).
7
Let y(s) = -s**3 + 25*s - 6. What is y(5)?
-6
Let s(n) = 45*n**2 - 12*n + 13. Determine s(1).
46
Let p(k) = 2*k - 19. Determine p(2).
-15
Let p(i) = -i**2 + 18*i - 23. What is p(16)?
9
Let y(q) = -q**2 - 13*q + 22. Determine y(-14).
8
Let q(v) = 2*v**2 - 51*v + 286. Give q(17).
-3
Let q(x) = -x**2 + 16*x + 53. What is q(-3)?
-4
Let d(l) = l**2 + 33*l - 197. Determine d(-38).
-7
Let u(k) = 6*k + 7. Determine u(8).
55
Let n(j) = -2*j - 1. What is n(-1)?
1
Let w(a) = 11*a + 95. What is w(-9)?
-4
Let l(x) = x**3 - 7*x**2 - 5*x - 9. Calculate l(8).
15
Let r(c) = c**3 + 30*c**2 + 25*c - 111. Calculate r(-29).
5
Let t(h) = -h**3 + 2*h**2 + 3*h - 2. Give t(-2).
8
Let a(b) = -13*b + 3. Calculate a(3).
-36
Let r(q) = -2*q**2 - 27*q + 12. Determine r(-14).
-2
Let w(t) = -8*t + 120. What is w(22)?
-56
Let y(z) = -z**3 - 7*z**2 + 4*z + 10. Determine y(-6).
-50
Let f(d) = d**3 - 5*d**2 - 3*d - 11. Determine f(6).
7
Let z(q) = 2*q**2 + 4*q - 3. What is z(2)?
13
Let g(r) = r**2 + 15*r + 10. Give g(-13).
-16
Let a(t) = t**2 + 6*t + 5. What is a(-6)?
5
Let p(j) = -2*j**2 + 2*j + 47. Calculate p(0).
47
Let s(a) = a**3 + 8*a**2 + 10*a + 17. Give s(-7).
-4
Let q(s) = -6*s + 17. Give q(9).
-37
Let c(y) = 3*y**3 - y. Give c(1).
2
Let z(a) = 53*a - 3. Give z(-2).
-109
Let q(v) = v**2 - 12*v + 8. Calculate q(15).
53
Let l(y) = y + 16. Determine l(12).
28
Let a(t) = -4*t**2 + t - 5. Determine a(4).
-65
Let w(x) = -3*x**2 + 24*x - 7. Calculate w(8).
-7
Let f(d) = -2*d**2 - 6*d - 5. Give f(0).
-5
Let v(g) = -g**2 - 3*g + 19. Determine v(8).
-69
Let h(x) = -x**3 + 6*x**2 - 4*x + 2. Give h(5).
7
Let s(m) = 2*m**3 + 16*m**2 - m. Determine s(-7).
105
Let x(g) = -g**2 + 2*g + 32. Calculate x(6).
8
Let g(r) = -r + 6. Give g(-5).
11
Let v(w) = -3*w - 10. Determine v(15).
-55
Let z(g) = -3*g - 7. Calculate z(2).
-13
Let p(b) = b**2 - 17*b + 52. Give p(8).
-20
Let c(r) = 9*r + 26. What is c(-5)?
-19
Let q(x) = -11*x + 4. Calculate q(-3).
37
Let c(j) = j**2 - 7*j - 8. Determine c(11).
36
Let w(m) = -11*m - 64. Give w(-9).
35
Let r(q) = -q**3 + 4*q**2 - 3*q + 5. Determine r(5).
-35
Let f(u) = u**2 + 3*u - 40. Determine f(5).
0
Let b(t) = 2*t - 2. Give b(4).
6
Let q(a) = a**3 + a**2 + 2*a + 4. Give q(-4).
-52
Let c(f) = 7*f**2 + 3*f + 7. Give c(-2).
29
Let t(j) = j**2 + 11. Give t(8).
75
Let x(m) = 49*m + 1028. Determine x(-21).
-1
Let o(d) = 2*d**2 - 3. What is o(-3)?
15
Let x(v) = 4*v + 35. Calculate x(-10).
-5
Let s(b) = -2*b**2 + 43*b - 42. What is s(20)?
18
Let l(j) = j**3 - 8*j**2 - 3*j + 13. Determine l(8).
-11
Let x(s) = -s**3 + 5*s**2 + 4*s + 5. Determine x(6).
-7
Let r(h) = -h**3 + 25*h**2 + 30*h - 43. Calculate r(26).
61
Let t(s) = s**2 + 18*s + 21. Give t(-15).
-24
Let t(m) = 12*m + 12. What is t(-1)?
0
Let v(y) = -y**3 - 17*y**2 - 17*y - 24. What is v(-16)?
-8
Let b(w) = -39*w**2 + w. Calculate b(1).
-38
Let p(s) = -s**3 - 2*s**2 - 2*s - 9. Determine p(-3).
6
Let v(p) = p**2 - 9*p + 10. Give v(7).
-4
Let w(g) = -g**3 - 47*g**2 - 44*g + 92. Determine w(-46).
0
Let s(a) = -a - 8. Determine s(-4).
-4
Let b(x) = x - 9. Calculate b(3).
-6
Let h(m) = -m**2 + 9*m - 13. Calculate h(7).
1
Let a(s) = s**3 - 3*s**2 + s + 3. Determine a(3).
6
Let l(m) = -3*m**2 - 4*m - 4. Give l(4).
-68
Let t(x) = 9*x + 46. What is t(-5)?
1
Let o(a) = -a**3 - 6*a**2 - 6*a - 6. Determine o(-3).
-15
Let n(t) = 11*t**3 + t**2 - 2*t - 1. Give n(-1).
-9
Let v(f) = 2*f**2 - 7*f + 6. Calculate v(6).
36
Let k(q) = -4*q - 59. Calculate k(-17).
9
Let i(p) = p**2 + 6*p - 10. What is i(-8)?
6
Let t(f) = -f**3 - 25*f**2 - 65*f + 19. Calculate t(-22).
-3
Let t(k) = k**3 - 7*k**2 - 5*k. Calculate t(8).
24
Let b(v) = -7*v - 2. What is b(-2)?
12
Let z(u) = -5*u**2 + u - 1. What is z(-2)?
-23
Let x(p) = 2*p - 8. Determine x(0).
-8
Let a(f) = -f**2 + 2*f - 38. What is a(0)?
-38
Let w(t) = -4*t**2 - 9*t + 7. Calculate w(1).
-6
Let t(u) = 93*u - 277. Calculate t(3).
2
Let c(w) = -w**2 + 3*w + 14. Determine c(9).
-40
Let x(b) = b + 15. Determine x(-6).
9
Let z(t) = 34*t**3 + 2*t**2 - 1. What is z(-1)?
-33
Let a(y) = y**3 + y**2 - 3*y - 3. Calculate a(-2).
-1
Let t(b) = -2*b**2 - 3. What is t(2)?
-11
Let k(o) = o**2 + 17*o - 61. Determine k(-20).
-1
Let c(g) = -g - 13. Determine c(-6).
-7
Let x(t) = -t**2 + 2*t - 4. What is x(0)?
-4
Let d(n) = -24*n + 3. Determine d(2).
-45
Let p(s) = -s**3 - 12*s**2 - 2*s - 17. Calculate p(-12).
7
Let o(l) = 3*l**2 + 31*l + 8. Give o(-9).
-28
Let q(c) = c**2 + 3*c - 2. What is q(-3)?
-2
Let t(c) = c**2 + 12. Give t(0).
12
Let k(c) = c**3 - 4*c**2 + 2*c - 5. What is k(4)?
3
Let z(f) = f**3 + 33*f**2 + 3*f + 102. Determine z(-33).
3
Let p(q) = 12*q + 6. Calculate p(0).
6
Let s(x) = x**3 - 17*x**2 - x - 2. Calculate s(17).
-19
Let c(o) = -3*o**3 + 13*o**2 - 15*o + 3. Calculate c(3).
-6
Let u(o) = -o**3 - 9*o**2 - 2*o. What is u(-9)?
18
Let a(s) = 42*s - 47. Calculate a(1).
-5
Let u(g) = -5*g**3 - 4*g**2 - 3. Give u(-2).
21
Let b(o) = -11*o + 11. Calculate b(1).
0
Let l(n) = -n**2 + 8*n - 4. What is l(8)?
-4
Let x(d) = -3*d - 86. Give x(-27).
-5
Let a(j) = -j**2 + 4*j + 93. Give a(-8).
-3
Let r(a) = 2*a**2 - 31*a - 38. Calculate r(16).
-22
Let a(z) = z**3 - 5*z**2 - 6*z - 2. Give a(6).
-2
Let v(k) = -k**2 - 6*k - 2. Determine v(-8).
-18
Let y(k) = -k**3 - 7*k**2 - 6*k - 7. Give y(-6).
-7
Let v(t) = 2*t - 22. Give v(8).
-6
Let r(i) = -i**2 + 3. Give r(4).
-13
Let l(i) = -i**2 + 37*i - 92. What is l(35)?
-22
Let y(g) = 5*g**2 + 26*g - 16. Calculate y(-6).
8
Let o(i) = -i**2 - 54*i - 105. Give o(-52).
-1
Let g(r) = 3*r**3 + r**2 - r + 3. Determine g(2).
29
Let x(n) = -n**2 + 7*n + 26. D